 Calculate x(c).
-1
Let r be (-9)/(-18)*(4 + 2). Let v(z) = -z**2 + 0*z**2 + 0*z**2 + 31*z**r - 30*z**3. Calculate v(-1).
-2
Let s(n) = -6*n - 22. Let y = 4322 - 4327. Give s(y).
8
Let h(q) = q**2 - 6*q + 5. Let v = 36 + -39. Let y be (0/v)/((-6)/3). Suppose -l + y*i + 15 = -2*i, l + 2*i + 5 = 0. Determine h(l).
0
Let m(r) = 2*r**2 + 9*r - 2. Let p(j) = 6*j**2 + 36*j + 27. Let y be p(-5). Determine m(y).
-11
Let d be (-7 - -7)*2/(-10). Let h(z) be the second derivative of -1/2*z**2 - 1/6*z**4 - 1/6*z**3 + d - 37*z. What is h(-2)?
-7
Let q(g) = -3*g**3 + 4*g**2 - 2*g + 3. Let w = -150 - -146. Let d(z) = 2*z**3 - 3*z**2 + 2*z - 3. Let a(p) = w*q(p) - 5*d(p). Give a(2).
11
Let s(b) = 4*b**2 + 3*b - 1. Let t(j) = 3*j**2 + 4*j - 2. Let y(x) = 4*s(x) - 5*t(x). Suppose 4*r - 48*z + 47*z - 32 = 0, -4*z = 0. Determine y(r).
6
Let d be 7 + (-7 - ((-72)/16)/(12/(-8))). Let m(s) be the first derivative of -5*s**2/2 + 3*s + 1. Calculate m(d).
18
Let x(h) = -h**2 - 6*h - 7. Suppose 17*k - 22*k = -20. Let m be -6*6/k + 2. Let i be 3/21 - (-50)/m. Calculate x(i).
-14
Let n(q) = 28*q - 5. Let o be n(2). Suppose 0 = 50*x - o*x + 2. Suppose 0*a - 4*w = 5*a - x, 0 = -a - 3*w + 7. Let r(l) = -2*l**2 - 1. Determine r(a).
-9
Let h(t) be the third derivative of t**5/60 - 3*t**4/8 + 5*t**3/6 + t**2 + 4*t. Let f be h(8). Let w(u) = 2*u**3 + 4*u**2 - u - 2. Determine w(f).
-17
Let n(g) be the third derivative of g**4/24 - 2*g**3/3 - 8*g**2. Let q = -303 + 307. Give n(q).
0
Let j(h) = 0*h**2 + 16 + 3*h**2 - 8 + 7*h - 4*h**2 - 11. What is j(8)?
-11
Let y(x) = 60*x**2 - 22*x - 11*x + 16*x - 59*x**2 + 55. Give y(7).
-15
Let w be (23 + 793/(-39))/(1/6). Let n(k) = -k**2 + 16*k - 8. Determine n(w).
-8
Let v = 6 + -1. Suppose -534*z + 312 = -521*z. Suppose 2*s - v*s + z = 0. Let x(j) = j - 2. What is x(s)?
6
Let q be 4 + (21 - 21 - -13). Let p(h) = 10*h**2 - 171*h + 10. Calculate p(q).
-7
Let u(c) = -3*c**3 - c**2 + c - 1. Let q be (-3 - -2)/((3 + -1)/(-2)). Suppose 0 = -5*o + 5*b - 10, -3*b = -7*b + 12. Suppose -2*h + q = -o. Calculate u(h).
-4
Let j(a) = -a**2 - 9*a + 6. Let d be -4*4*30/(-96). Suppose 2*g = -3*i + d*g - 18, -2*g - 36 = 4*i. Give j(i).
14
Suppose 1762 + 1626 = 254*h - 168. Let w(t) = -t**3 + 16*t**2 - 34*t + 95. Give w(h).
11
Suppose -8881 = 17*b + 5178. Let u = b + 838. Let z(s) = -s**3 + 11*s**2 - s + 7. Give z(u).
-4
Let h(c) = -c**3 - c**2. Let a(z) = -10*z**3 - 5*z**2 - 2*z. Let d(g) = -a(g) + 6*h(g). Let j = -803 + 804. Calculate d(j).
5
Let w(j) = j + 8. Let d be w(0). Let u(f) be the second derivative of -f**5/20 + 7*f**4/12 + 5*f**3/3 - 2*f**2 - 3115*f + 6. Give u(d).
12
Let g(y) be the second derivative of -190*y + 7/6*y**3 - 5/2*y**2 + 0. What is g(4)?
23
Let n(x) be the first derivative of -x**3/3 - 3*x**2 - 7*x + 538. Give n(-1).
-2
Let c(n) = 2*n**2 + 6*n - 467. Let u(k) = -k**2 - 3*k + 214. Let l(d) = -6*c(d) - 13*u(d). Give l(-5).
30
Suppose -k = 3 - 4. Let j(z) be the third derivative of 2*z**6/45 + z**5/120 + 7*z**3/2 + 110*z**2. Let o(v) be the first derivative of j(v). Calculate o(k).
17
Let u(b) = b**2 - 13*b + 14. Let p be u(12). Let z(n) = n**2 + 10*n + 4. Let v be z(-10). Let m(d) = v - p*d - 5 + 19. Give m(12).
-6
Let z(d) = 6*d**2 + d. Let q(b) = b**3 + 9*b**2 + 3*b + 17. Let n be q(-8). Suppose 0 = n*s - 62 + 176. Determine z(s).
22
Let c(d) = -2*d**2 + 21*d + 30. Let x(r) = 4*r**2 - 24*r + 12. Let j be x(6). Let a be c(j). Let y(f) = f + 10. Determine y(a).
4
Let h(b) = 151 - 3*b + 2*b**2 + 132 - 298. Give h(-3).
12
Suppose -w + 6 = -2*w. Let s be 234/(-91) - (6/14)/1. Let d = w + s. Let v(g) = -g**3 - 10*g**2 - 9*g - 6. Calculate v(d).
-6
Let v(x) = -2*x + 31. Let h(y) = y - 22. Let m(j) = -5*h(j) - 6*v(j). Calculate m(10).
-6
Let g(o) = 4*o**2 + 24*o + 20. Let d be g(-5). Suppose 2*c + 3*c - a - 25 = 0, d = 5*a. Let w(k) = k**3 - 3*k**2 - 4*k - 7. Calculate w(c).
23
Let t(m) = m**3 - 3*m**2 + 2*m + 16. Suppose 405*h + 449 = -171*h + 2753. What is t(h)?
40
Let w = 3828 + -3825. Let s(z) be the first derivative of -1/2*z**2 + w*z + 17. What is s(8)?
-5
Let j(n) = -2*n**3 + 2*n + 2. Let z be (4/14 - 0) + 7676/133. Let s = -60 + z. Give j(s).
14
Suppose 0 = -214*l + 38*l - 704. Let q(v) = -6 + 1 + 4 + 2*v + 3. Calculate q(l).
-6
Let f(q) = -20 - 23 + 42. Let r(p) = 5*p**2 - 3*p + 4. Let o(k) = -6*f(k) - r(k). Determine o(3).
-34
Let m(w) = -w**2 - 12*w + 13. Let z be (24 - 18)/((-8)/12). What is m(z)?
40
Suppose -8*z = 3*m + 5, -9*z = -10*z + m - 2. Let y(h) = 11*h**2 + h - 1. Give y(z).
9
Let r(i) = -3*i**2 - 20*i - 40. Let j be r(-4). Let d(g) = g**2 - 2*g - 82. Give d(j).
-2
Suppose -5*p = -0*p - 35. Let k(j) = -7*j**2 + 590296 - 7*j - 590288 + j**3 + 3*j. Determine k(p).
-20
Suppose -157 - 1 = -91*x + 115. Let r(k) = -k - 1. Give r(x).
-4
Let p(y) = 22*y**3 + y**2 - 6*y - 16. Let g(n) = 9*n**3 - 2*n - 7. Let o(v) = 5*g(v) - 2*p(v). Suppose -21 = -5*b - 1. Give o(b).
37
Let w = 8219 + -8257. Let n(l) = -l**2 - 37*l + 49. Give n(w).
11
Let o(p) = 9*p + 13. Let j(q) = -5*q - 6. Let y(v) = 11*j(v) + 6*o(v). Let w = -61 + 101. Suppose w = 5*x - 10. Give y(x).
2
Let y be 20/(-2)*((-15)/(-25) + -1). Let g(l) be the second derivative of l**4/12 - l**3/6 + 3*l**2/2 + 15*l - 56. Calculate g(y).
15
Let z(v) = v**2 - 6*v - 7. Suppose j - 3*s = 30, -3*j = -2*s + 7*s - 20. Suppose -5*y + 31 = x, -j + 0 = -2*y - 3*x. What is z(y)?
-7
Let r = -1 + 0. Let f(t) = 56*t**3 + 129*t**2 - 11*t - 22. Let l(y) = -19*y**3 - 47*y**2 + 4*y + 8. Let n(k) = -4*f(k) - 11*l(k). Calculate n(r).
16
Let a(n) = 174*n**2 - 2 - 82*n**2 - 2*n**3 - 90*n**2 + 2*n. Let u be a(2). Let p(x) = -x**3 - 6*x**2 - 6. Calculate p(u).
-6
Let a be (2 - 1) + 0 + 3. Let v be 5/(-1) + (-4)/(-4)*413. Let w(y) = 3 - 5 - 405*y**2 - y**3 + 6*y + v*y**2. Determine w(a).
6
Suppose 15 = -5*k, -2*t - 2*k = 3*t + 11. Let h be 1 - 0 - (-1 + t). Let c be (h - -6)*(-5 + 6). Let f(i) = -i**3 + 10*i**2 - 9*i - 6. Determine f(c).
-6
Let v(w) = 10*w. Let b(k) = -k - 1. Let c(x) = b(x) + v(x). Let z = -29 + 34. Suppose z*m - 4 = 3*u, 5*u + 2*m - 14 + 0 = 0. What is c(u)?
17
Let w(z) = 18*z - 378. Let y be w(21). Suppose -225*j + 219*j - 36 = y. Let c(d) = 4*d + 6. What is c(j)?
-18
Let i be 2 + 3 + -5 - -4. Let x(t) = t - 3*t + i*t - 1 - 13. Determine x(6).
-2
Let w(r) be the second derivative of r**7/1260 + r**6/720 + r**5/40 - r**4/6 - 139*r**3/6 - 24*r + 2. Let u(d) be the third derivative of w(d). Determine u(3).
24
Let m(x) = -x**2 + 13*x - 39. Let o(b) = 468*b + 947. Let c be o(-2). Determine m(c).
-17
Let t(d) = d**3 - 5*d**2 + 4*d. Let n be (4/(-8))/(-11 - 260/(-24)). Give t(n).
-6
Let q be 150*(1/(-5) - (-3)/(-5)). Let p be q/36*6/(-5). Let v(b) = 6*b - b - p*b. Determine v(5).
5
Let a(d) be the first derivative of -3*d**2/2 + 11*d + 1585. Calculate a(-9).
38
Suppose -3*h = 3*r - 24, 4*h + 4 = r + 16. Let z be 2/(-3)*6/r. Let w(u) = -8087*u**2 + 3*u + 4067*u**2 + 4030*u**2 - u - u. Determine w(z).
9
Let k(y) = 47 + 1131*y - 2231*y + 1112*y. Give k(-4).
-1
Let g(i) = -i**3 + 3*i**2 - 3*i - 1. Let a(k) = -k**3 - 28*k**2 + 58*k - 57. Let s be 16/(-6)*135/12. Let o be a(s). What is g(o)?
-10
Let r be -17 + (-204)/(-9 - 3). Let h(g) = 32*g - 8. Calculate h(r).
-8
Let c(y) be the second derivative of y**4/12 - 7*y**3/3 - 17*y**2 + y + 247. Determine c(14).
-34
Suppose 0 = o - 2*l + 11, 3*l + 6 = -o - 0*l. Let c(k) = 3*k**2 + 29*k + 2. Give c(o).
-16
Let p(y) = 2*y**2 - 6*y - 1. Let l be (-4 - -1)*(-1 - 0). Calculate p(l).
-1
Suppose 0 = -3*x - b + 35, -3*x + 2*b = -4*x + 20. Let q(h) = h**2 - 5*h - 24. What is q(x)?
26
Let n(k) be the second derivative of -5*k**3/6 - 7*k**2/2 + 34*k. Give n(1).
-12
Let l(n) = 11*n + 62. Let u = 388 + -382. Let c(j) = -5*j - 30. Let z(x) = u*l(x) + 13*c(x). Determine z(10).
-8
Let i(o) = o**3 - 3*o**2 - 4*o - 1. Let u(l) = 7*l**3 - 17*l**2 - 28*l. Let y(c) = -6*i(c) + u(c). What is y(2)?
10
Let o = 3824 + -3818. Let l(j) = -j**2 + 5*j + 6. What is l(o)?
0
Let z(i) = -15*i - 29. Let b be -26*((-21)/(-63))/(4/6). What is z(b)?
166
Let d = 7 + -15. Let q(p) be the third derivative of -1/60*p**5 + 0*p - 3/2*p**3 - 1/3*p**4 - 24*p**2 + 0. Determine q(d).
-9
Let w(q) = -q - 2. Suppose -2 = -2*r, -2*m + 4*r - 7 = -9. Determine w(m).
-5
Let b(w) = -7*w - 28. Suppose 